{"id":37,"date":"2018-07-03T19:01:53","date_gmt":"2018-07-03T17:01:53","guid":{"rendered":"https:\/\/textschlampe.de\/?page_id=37"},"modified":"2018-07-03T19:01:53","modified_gmt":"2018-07-03T17:01:53","slug":"die-alten-germanen","status":"publish","type":"page","link":"https:\/\/textschlampe.de\/?page_id=37","title":{"rendered":"Die alten Germanen"},"content":{"rendered":"<p>Einst sa\u00dfen die alten Germanen zu beiden Ufern des Rheins.<br \/>\nSie sa\u00dfen auf B\u00e4renh\u00e4uten und soffen immer noch Eins.<\/p>\n<p><i>Refrain: Und eins, und zwei, und drei, und vier,<br \/>\nsie soffen unheimliche Lagen Bier.<br \/>\nUnd f\u00fcnf, und sechs, und sieben, und acht,<br \/>\nsie soffen die ganze Nacht.<\/i><i><\/i><\/p>\n<p>Da trat in ihre Mitte ein J\u00fcngling r\u00f6mischen Bluts,<br \/>\ngr\u00fc\u00df Gott ihr alten Germanen, ich bin der Tacitus.<\/p>\n<p>Und als der R\u00f6mer besoffen und nicht mehr saufen kann,<br \/>\nda fingen die alten Germanen erst recht zu saufen an.<\/p>\n<p>Und als am anderen Morgen der R\u00f6mer den Schaden besah,<br \/>\nschrieb er mit zitternden H\u00e4nden in seine Germania.<\/p>\n<p>Wir sind zwar keine Germanen doch Pflegen wir uralten Brauch.<br \/>\nWir w\u00fcrfeln nicht um unsere Weiber, doch saufen tun wir auch.<\/p>\n<p>Und wenn dann alles besoffen und keiner mehr saufen kann,<br \/>\ndann fangen die Studenten erst recht zu saufen an.<\/p>\n","protected":false},"excerpt":{"rendered":"<p>Einst sa\u00dfen die alten Germanen zu beiden Ufern des Rheins. Sie sa\u00dfen auf B\u00e4renh\u00e4uten und soffen immer noch Eins. Refrain: Und eins, und zwei, und drei, und vier, sie soffen unheimliche Lagen Bier. Und f\u00fcnf, und sechs, und sieben, und acht, sie soffen die ganze Nacht. Da trat in ihre Mitte ein J\u00fcngling r\u00f6mischen Bluts, &hellip; <\/p>\n<p class=\"link-more\"><a href=\"https:\/\/textschlampe.de\/?page_id=37\" class=\"more-link\"><span class=\"screen-reader-text\">\u201eDie alten Germanen\u201c <\/span>weiterlesen<\/a><\/p>\n","protected":false},"author":1,"featured_media":0,"parent":0,"menu_order":0,"comment_status":"closed","ping_status":"closed","template":"","meta":{"footnotes":""},"class_list":["post-37","page","type-page","status-publish","hentry"],"_links":{"self":[{"href":"https:\/\/textschlampe.de\/index.php?rest_route=\/wp\/v2\/pages\/37","targetHints":{"allow":["GET"]}}],"collection":[{"href":"https:\/\/textschlampe.de\/index.php?rest_route=\/wp\/v2\/pages"}],"about":[{"href":"https:\/\/textschlampe.de\/index.php?rest_route=\/wp\/v2\/types\/page"}],"author":[{"embeddable":true,"href":"https:\/\/textschlampe.de\/index.php?rest_route=\/wp\/v2\/users\/1"}],"replies":[{"embeddable":true,"href":"https:\/\/textschlampe.de\/index.php?rest_route=%2Fwp%2Fv2%2Fcomments&post=37"}],"version-history":[{"count":1,"href":"https:\/\/textschlampe.de\/index.php?rest_route=\/wp\/v2\/pages\/37\/revisions"}],"predecessor-version":[{"id":38,"href":"https:\/\/textschlampe.de\/index.php?rest_route=\/wp\/v2\/pages\/37\/revisions\/38"}],"wp:attachment":[{"href":"https:\/\/textschlampe.de\/index.php?rest_route=%2Fwp%2Fv2%2Fmedia&parent=37"}],"curies":[{"name":"wp","href":"https:\/\/api.w.org\/{rel}","templated":true}]}}